{"id":2633,"date":"2022-06-21T11:19:35","date_gmt":"2022-06-21T09:19:35","guid":{"rendered":"https:\/\/skraw-tech.com\/?page_id=2633"},"modified":"2022-06-21T11:34:17","modified_gmt":"2022-06-21T09:34:17","slug":"brony-talerzowe-v","status":"publish","type":"page","link":"https:\/\/skraw-tech.com\/?page_id=2633","title":{"rendered":"Brony talerzowe &#8222;V&#8221;"},"content":{"rendered":"<div data-colibri-id=\"2633-c1\" class=\"style-1720 style-local-2633-c1 position-relative\">\n  <!---->\n  <div data-colibri-component=\"section\" data-colibri-id=\"2633-c2\" id=\"reusable-sections\" class=\"h-section h-section-global-spacing d-flex align-items-lg-center align-items-md-center align-items-center style-1721 style-local-2633-c2 h-overflow-hidden position-relative\">\n    <!---->\n    <!---->\n    <div class=\"h-section-grid-container h-section-fluid-container\">\n      <!---->\n      <div data-colibri-id=\"2633-c3\" class=\"h-row-container gutters-row-lg-0 gutters-row-md-0 gutters-row-2 gutters-row-v-lg-0 gutters-row-v-md-0 gutters-row-v-2 style-1722 style-local-2633-c3 position-relative\">\n        <!---->\n        <div class=\"h-row justify-content-lg-center justify-content-md-center justify-content-center align-items-lg-stretch align-items-md-stretch align-items-stretch gutters-col-lg-0 gutters-col-md-0 gutters-col-2 gutters-col-v-lg-0 gutters-col-v-md-0 gutters-col-v-2\">\n          <!---->\n          <div class=\"h-column h-column-container d-flex h-col-lg-auto h-col-md-auto h-col-auto style-1723-outer style-local-2633-c4-outer\">\n            <div data-colibri-id=\"2633-c4\" class=\"d-flex h-flex-basis h-column__inner h-ui-empty-state-container h-px-lg-0 h-px-md-0 h-px-0 v-inner-lg-0 v-inner-md-0 v-inner-0 style-1723 style-local-2633-c4 position-relative\">\n              <!---->\n              <!---->\n              <div class=\"w-100 h-y-container h-column__content h-column__v-align flex-basis-100\">\n                <!---->\n              <\/div>\n            <\/div>\n          <\/div>\n          <div class=\"h-column h-column-container d-flex h-col-lg-auto h-col-md-auto h-col-auto style-1724-outer style-local-2633-c5-outer\">\n            <div data-colibri-id=\"2633-c5\" class=\"d-flex h-flex-basis h-column__inner h-px-lg-0 h-px-md-0 h-px-0 v-inner-lg-0 v-inner-md-0 v-inner-0 style-1724 style-local-2633-c5 position-relative\">\n              <!---->\n              <!---->\n              <div class=\"w-100 h-y-container h-column__content h-column__v-align flex-basis-100 align-self-lg-start align-self-md-start align-self-start\">\n                <!---->\n                <div data-colibri-id=\"2633-c6\" class=\"h-global-transition-all h-heading style-1725 style-local-2633-c6 position-relative h-element\">\n                  <!---->\n                  <div class=\"h-heading__outer style-1725 style-local-2633-c6\">\n                    <!---->\n                    <!---->\n                    <h4 class=\"\">BRONY TALERZOWE &#8222;V&#8221;<\/h4>\n                  <\/div>\n                <\/div>\n                <div data-colibri-id=\"2633-c7\" class=\"h-text h-text-component style-1726 style-local-2633-c7 position-relative h-element\">\n                  <!---->\n                  <!---->\n                  <div class=\"\">\n                    <p>W bronach talerzowych w uk\u0142adzie V znajduj\u0105 si\u0119 brony o szeroko\u015bci od 1,8m do 2,7m. W wersji V uchwyt wyst\u0119puje jako dodatkowa opcja. W bronie mog\u0105 wyst\u0119powa\u0107 talerze o \u015brednicy 510mm oraz 560mm.<\/p>\n                  <\/div>\n                <\/div>\n                <div data-colibri-id=\"2633-c8\" class=\"h-row-container gutters-row-lg-2 gutters-row-md-2 gutters-row-0 gutters-row-v-lg-2 gutters-row-v-md-2 gutters-row-v-0 style-1727 style-local-2633-c8 position-relative\">\n                  <!---->\n                  <div class=\"h-row justify-content-lg-center justify-content-md-center justify-content-center align-items-lg-stretch align-items-md-stretch align-items-stretch gutters-col-lg-2 gutters-col-md-2 gutters-col-0 gutters-col-v-lg-2 gutters-col-v-md-2 gutters-col-v-0\">\n                    <!---->\n                    <div class=\"h-column h-column-container d-flex h-col-lg-6 h-col-md-6 h-col-6 style-1728-outer style-local-2633-c9-outer\">\n                      <div data-colibri-id=\"2633-c9\" class=\"d-flex h-flex-basis h-column__inner h-px-lg-0 h-px-md-0 h-px-2 v-inner-lg-0 v-inner-md-0 v-inner-2 style-1728 style-local-2633-c9 position-relative\">\n                        <!---->\n                        <!---->\n                        <div class=\"w-100 h-y-container h-column__content h-column__v-align flex-basis-100 align-self-lg-start align-self-md-start align-self-start\">\n                          <!---->\n                          <div data-colibri-id=\"2633-c10\" class=\"h-global-transition-all h-heading style-1729 style-local-2633-c10 position-relative h-element\">\n                            <!---->\n                            <div class=\"h-heading__outer style-1729 style-local-2633-c10\">\n                              <!---->\n                              <!---->\n                              <h5 class=\"\">Zastosowanie<\/h5>\n                            <\/div>\n                          <\/div>\n                          <div data-colibri-id=\"2633-c11\" class=\"h-text h-text-component style-1730 style-local-2633-c11 position-relative h-element\">\n                            <!---->\n                            <!---->\n                            <div class=\"\">\n                              <p>Wykorzystywane s\u0105 w rozrywaniu i kruszeniu zadornionych skib po orce na u\u017cytkach zielonych.<\/p>\n                            <\/div>\n                          <\/div>\n                        <\/div>\n                      <\/div>\n                    <\/div>\n                    <div class=\"h-column h-column-container d-flex h-col-lg-6 h-col-md-6 h-col-6 style-1728-outer style-local-2633-c12-outer\">\n                      <div data-colibri-id=\"2633-c12\" class=\"d-flex h-flex-basis h-column__inner h-px-lg-0 h-px-md-0 h-px-2 v-inner-lg-0 v-inner-md-0 v-inner-2 style-1728 style-local-2633-c12 position-relative\">\n                        <!---->\n                        <!---->\n                        <div class=\"w-100 h-y-container h-column__content h-column__v-align flex-basis-100 align-self-lg-start align-self-md-start align-self-start\">\n                          <!---->\n                          <div data-colibri-id=\"2633-c13\" class=\"h-global-transition-all h-heading style-1729 style-local-2633-c13 position-relative h-element\">\n                            <!---->\n                            <div class=\"h-heading__outer style-1729 style-local-2633-c13\">\n                              <!---->\n                              <!---->\n                              <h5 class=\"\">Uprawa gleb<\/h5>\n                            <\/div>\n                          <\/div>\n                          <div data-colibri-id=\"2633-c14\" class=\"h-text h-text-component style-1730 style-local-2633-c14 position-relative h-element\">\n                            <!---->\n                            <!---->\n                            <div class=\"\">\n                              <p>Idealnie przygotowuj\u0105 gleby zwi\u0119z\u0142e i zaorane przed zim\u0105<\/p>\n                            <\/div>\n                          <\/div>\n                        <\/div>\n                      <\/div>\n                    <\/div>\n                  <\/div>\n                <\/div>\n              <\/div>\n            <\/div>\n          <\/div>\n        <\/div>\n      <\/div>\n    <\/div>\n  <\/div>\n  <div data-colibri-component=\"section\" data-colibri-id=\"2633-c21\" id=\"reusable-sections-2\" class=\"h-section h-section-global-spacing d-flex align-items-lg-center align-items-md-center align-items-center style-1731 style-local-2633-c21 position-relative\">\n    <!---->\n    <!---->\n    <div class=\"h-section-grid-container h-section-boxed-container\">\n      <!---->\n      <div data-colibri-id=\"2633-c22\" class=\"h-row-container gutters-row-lg-2 gutters-row-md-2 gutters-row-0 gutters-row-v-lg-2 gutters-row-v-md-2 gutters-row-v-2 style-1732 style-local-2633-c22 position-relative\">\n        <!---->\n        <div class=\"h-row justify-content-lg-center justify-content-md-center justify-content-center align-items-lg-stretch align-items-md-stretch align-items-stretch gutters-col-lg-2 gutters-col-md-2 gutters-col-0 gutters-col-v-lg-2 gutters-col-v-md-2 gutters-col-v-2\">\n          <!---->\n          <div class=\"h-column h-column-container d-flex h-col-lg-auto h-col-md-auto h-col-auto style-1733-outer style-local-2633-c23-outer\">\n            <div data-colibri-id=\"2633-c23\" class=\"d-flex h-flex-basis h-column__inner h-px-lg-2 h-px-md-2 h-px-2 v-inner-lg-2 v-inner-md-2 v-inner-2 style-1733 style-local-2633-c23 position-relative\">\n              <!---->\n              <!---->\n              <div class=\"w-100 h-y-container h-column__content h-column__v-align flex-basis-100 align-self-lg-start align-self-md-start align-self-start\">\n                <!---->\n                <div data-colibri-id=\"2633-c24\" class=\"h-text h-text-component style-1734 style-local-2633-c24 position-relative h-element\">\n                  <!---->\n                  <!---->\n                  <div class=\"\">\n                    <h3>Wyposa\u017cenie dodatkowe<\/h3>\n                    <p>Uchwyt<\/p>\n                  <\/div>\n                <\/div>\n              <\/div>\n            <\/div>\n          <\/div>\n          <div class=\"h-column h-column-container d-flex h-col-lg-auto h-col-md-auto h-col-auto style-1735-outer style-local-2633-c25-outer\">\n            <div data-colibri-id=\"2633-c25\" class=\"d-flex h-flex-basis h-column__inner h-px-lg-2 h-px-md-2 h-px-2 v-inner-lg-2 v-inner-md-2 v-inner-2 style-1735 style-local-2633-c25 position-relative\">\n              <!---->\n              <!---->\n              <div class=\"w-100 h-y-container h-column__content h-column__v-align flex-basis-100 align-self-lg-start align-self-md-start align-self-start\">\n                <!---->\n                <div data-colibri-id=\"2633-c26\" class=\"h-global-transition-all h-heading style-1736 style-local-2633-c26 position-relative h-element\">\n                  <!---->\n                  <div class=\"h-heading__outer style-1736 style-local-2633-c26\">\n                    <!---->\n                    <!---->\n                    <h2 class=\"\">Dane techniczne<\/h2>\n                  <\/div>\n                <\/div>\n              <\/div>\n            <\/div>\n          <\/div>\n        <\/div>\n      <\/div>\n      <div data-colibri-id=\"2633-c27\" class=\"h-row-container gutters-row-lg-2 gutters-row-md-2 gutters-row-0 gutters-row-v-lg-2 gutters-row-v-md-2 gutters-row-v-2 style-1737 style-local-2633-c27 position-relative\">\n        <!---->\n        <div class=\"h-row justify-content-lg-center justify-content-md-center justify-content-center align-items-lg-stretch align-items-md-stretch align-items-stretch gutters-col-lg-2 gutters-col-md-2 gutters-col-0 gutters-col-v-lg-2 gutters-col-v-md-2 gutters-col-v-2\">\n          <!---->\n          <div class=\"h-column h-column-container d-flex h-col-lg-auto h-col-md-auto h-col-auto style-1738-outer style-local-2633-c28-outer\">\n            <div data-colibri-id=\"2633-c28\" class=\"d-flex h-flex-basis h-column__inner h-px-lg-2 h-px-md-2 h-px-2 v-inner-lg-2 v-inner-md-2 v-inner-2 style-1738 style-local-2633-c28 position-relative\">\n              <!---->\n              <!---->\n              <div class=\"w-100 h-y-container h-column__content h-column__v-align flex-basis-100 align-self-lg-start align-self-md-start align-self-start\">\n                <!---->\n                <div data-colibri-id=\"2633-c29\" class=\"h-text h-text-component style-1739 style-local-2633-c29 position-relative h-element\">\n                  <!---->\n                  <!---->\n                  <div class=\"\">\n                    <h3>Serwis gwarancyjny i pogwarancyjny<\/h3>\n                    <p><span style=\"font-weight: 400; font-size: 16px; font-family: &quot;Open Sans&quot;; color: rgb(0, 0, 0);\">AGRO- FACTORY II zapewnia serwis gwarancyjny wszystkich maszyn rolniczych oraz pe\u0142en asortyment cz\u0119\u015bci zamiennych.<\/span><\/p>\n                    <p>\n                      <br>\n                    <\/p>\n                    <p>\n                      <br>\n                    <\/p>\n                  <\/div>\n                <\/div>\n              <\/div>\n            <\/div>\n          <\/div>\n          <div class=\"h-column h-column-container d-flex h-col-lg-auto h-col-md-auto h-col-auto style-1740-outer style-local-2633-c30-outer\">\n            <div data-colibri-id=\"2633-c30\" class=\"d-flex h-flex-basis h-column__inner h-px-lg-2 h-px-md-2 h-px-2 v-inner-lg-2 v-inner-md-2 v-inner-2 style-1740 style-local-2633-c30 position-relative\">\n              <!---->\n              <!---->\n              <div class=\"w-100 h-y-container h-column__content h-column__v-align flex-basis-100 align-self-lg-start align-self-md-start align-self-start\">\n                <!---->\n                <div data-colibri-id=\"2633-c31\" class=\"h-x-container style-1741 style-local-2633-c31 position-relative h-element\">\n                  <!---->\n                  <div class=\"h-x-container-inner style-dynamic-2633-c31-group style-1741-spacing style-local-2633-c31-spacing\"><span class=\"h-button__outer style-1742-outer style-local-2633-c32-outer d-inline-flex h-element\"><a h-use-smooth-scroll=\"true\" href=\"https:\/\/skraw-tech.com\/wp-content\/uploads\/2022\/06\/Dane-techniczne-BRONA-V.pdf\"  data-colibri-id=\"2633-c32\" class=\"d-flex w-100 align-items-center h-button justify-content-lg-center justify-content-md-center justify-content-center style-1742 style-local-2633-c32 position-relative\"><!----><!----> <span>Kliknij, aby zobaczy\u0107 dane techniczne<\/span><\/a>\n                    <\/span>\n                  <\/div>\n                <\/div>\n              <\/div>\n            <\/div>\n          <\/div>\n        <\/div>\n      <\/div>\n    <\/div>\n  <\/div>\n<\/div>","protected":false},"excerpt":{"rendered":"<p>BRONY TALERZOWE &#8222;V&#8221; W bronach talerzowych w uk\u0142adzie V znajduj\u0105 si\u0119 brony o szeroko\u015bci od 1,8m do 2,7m. W wersji V uchwyt wyst\u0119puje jako dodatkowa opcja. W bronie mog\u0105 wyst\u0119powa\u0107 talerze o \u015brednicy 510mm oraz 560mm. Zastosowanie Wykorzystywane s\u0105 w rozrywaniu i kruszeniu zadornionych skib po orce na u\u017cytkach zielonych. Uprawa gleb Idealnie przygotowuj\u0105 gleby [&hellip;]<\/p>\n","protected":false},"author":1,"featured_media":0,"parent":0,"menu_order":0,"comment_status":"closed","ping_status":"closed","template":"page-templates\/full-width-page.php","meta":{"footnotes":""},"class_list":["post-2633","page","type-page","status-publish","hentry"],"_links":{"self":[{"href":"https:\/\/skraw-tech.com\/index.php?rest_route=\/wp\/v2\/pages\/2633","targetHints":{"allow":["GET"]}}],"collection":[{"href":"https:\/\/skraw-tech.com\/index.php?rest_route=\/wp\/v2\/pages"}],"about":[{"href":"https:\/\/skraw-tech.com\/index.php?rest_route=\/wp\/v2\/types\/page"}],"author":[{"embeddable":true,"href":"https:\/\/skraw-tech.com\/index.php?rest_route=\/wp\/v2\/users\/1"}],"replies":[{"embeddable":true,"href":"https:\/\/skraw-tech.com\/index.php?rest_route=%2Fwp%2Fv2%2Fcomments&post=2633"}],"version-history":[{"count":2,"href":"https:\/\/skraw-tech.com\/index.php?rest_route=\/wp\/v2\/pages\/2633\/revisions"}],"predecessor-version":[{"id":2647,"href":"https:\/\/skraw-tech.com\/index.php?rest_route=\/wp\/v2\/pages\/2633\/revisions\/2647"}],"wp:attachment":[{"href":"https:\/\/skraw-tech.com\/index.php?rest_route=%2Fwp%2Fv2%2Fmedia&parent=2633"}],"curies":[{"name":"wp","href":"https:\/\/api.w.org\/{rel}","templated":true}]}}